{"id":71,"date":"2024-12-25T15:00:43","date_gmt":"2024-12-25T14:00:43","guid":{"rendered":"https:\/\/www.vestral.sk\/zubar\/?page_id=71"},"modified":"2024-12-25T15:00:43","modified_gmt":"2024-12-25T14:00:43","slug":"upozornenie","status":"publish","type":"page","link":"https:\/\/www.vestral.sk\/zubar\/index.php\/upozornenie\/","title":{"rendered":"Upozornenie"},"content":{"rendered":"\n<div class=\"wp-block-cover alignfull is-light has-contrast-color has-text-color has-link-color wp-elements-7839c8abac5aecce709229e0cbc5f2e4\" style=\"margin-top:0;margin-bottom:0;padding-top:var(--wp--preset--spacing--60);padding-right:var(--wp--preset--spacing--50);padding-bottom:var(--wp--preset--spacing--60);padding-left:var(--wp--preset--spacing--50)\"><span aria-hidden=\"true\" class=\"wp-block-cover__background has-base-background-color has-background-dim-100 has-background-dim\"><\/span><div class=\"wp-block-cover__inner-container has-global-padding is-layout-constrained wp-container-core-cover-is-layout-873ee6b1 wp-block-cover-is-layout-constrained\">\n<div class=\"wp-block-columns alignwide is-layout-flex wp-container-core-columns-is-layout-7ee84d44 wp-block-columns-is-layout-flex\">\n<div class=\"wp-block-column is-layout-flow wp-block-column-is-layout-flow\" style=\"flex-basis:65%\">\n<div class=\"wp-block-group is-vertical is-content-justification-stretch is-layout-flex wp-container-core-group-is-layout-353c4f5a wp-block-group-is-layout-flex\">\n<h2 class=\"wp-block-heading has-text-align-left\" style=\"font-size:clamp(2.587rem, 2.587rem + ((1vw - 0.2rem) * 3.628), 4.9rem);font-style:normal;font-weight:300;letter-spacing:-0.03em;line-height:1.4\"><strong>Upozornenie<\/strong><\/h2>\n\n\n\n<p class=\"is-style-text-subtitle is-style-text-subtitle--1\"><strong>Upozornenie: Toto je iba uk\u00e1\u017ekov\u00fd web<\/strong><\/p>\n\n\n\n<p>T\u00e1to str\u00e1nka je vytvoren\u00e1 len na demon\u0161tra\u010dn\u00e9 \u00fa\u010dely a nesl\u00fa\u017ei na predaj re\u00e1lnych produktov ani poskytovanie slu\u017eieb. V\u0161etky inform\u00e1cie a obsah na tejto str\u00e1nke s\u00fa len fikt\u00edvne a pou\u017eit\u00e9 len na ilustr\u00e1ciu na\u0161ich technologick\u00fdch rie\u0161en\u00ed a mo\u017enost\u00ed.<\/p>\n\n\n\n<p><strong>\u017diadne re\u00e1lne slu\u017eby ani produkty:<\/strong>&nbsp;Obsah tejto str\u00e1nky, vr\u00e1tane opisov slu\u017eieb, produktov a klientov, je \u010disto ilustrat\u00edvny a nereprezentuje \u017eiadne skuto\u010dn\u00e9 ponuky ani obchodn\u00e9 vz\u0165ahy.<\/p>\n\n\n\n<p class=\"is-style-default\"><strong>\u017diadne skuto\u010dn\u00e9 transakcie:<\/strong>&nbsp;Ak\u00e9ko\u013evek odkazy na objedn\u00e1vky, predaje alebo in\u00e9 komer\u010dn\u00e9 aktivity na tejto str\u00e1nke s\u00fa iba s\u00fa\u010das\u0165ou uk\u00e1\u017eky a nepredstavuj\u00fa re\u00e1lne transakcie.<\/p>\n\n\n\n<div class=\"wp-block-buttons is-layout-flex wp-block-buttons-is-layout-flex\">\n<div class=\"wp-block-button is-style-fill\"><a class=\"wp-block-button__link has-background wp-element-button\" href=\"http:\/\/vestral.sk\" style=\"background:linear-gradient(135deg,rgb(255,0,0) 0%,rgb(29,73,185) 100%)\">Sp\u00e4\u0165<\/a><\/div>\n<\/div>\n<\/div>\n<\/div>\n\n\n\n<div class=\"wp-block-column is-layout-flow wp-block-column-is-layout-flow\" style=\"flex-basis:35%\">\n<div class=\"wp-block-group is-vertical is-content-justification-stretch is-nowrap is-layout-flex wp-container-core-group-is-layout-73b0033c wp-block-group-is-layout-flex\">\n<figure class=\"wp-block-image size-full has-custom-border\"><img loading=\"lazy\" decoding=\"async\" width=\"1024\" height=\"1024\" src=\"https:\/\/www.vestral.sk\/zubar\/wp-content\/uploads\/2024\/12\/16_9-aspect-ratio-background.jpg\" alt=\"\" class=\"wp-image-75\" style=\"border-radius:50px;aspect-ratio:3\/4;object-fit:cover\" srcset=\"https:\/\/www.vestral.sk\/zubar\/wp-content\/uploads\/2024\/12\/16_9-aspect-ratio-background.jpg 1024w, https:\/\/www.vestral.sk\/zubar\/wp-content\/uploads\/2024\/12\/16_9-aspect-ratio-background-300x300.jpg 300w, https:\/\/www.vestral.sk\/zubar\/wp-content\/uploads\/2024\/12\/16_9-aspect-ratio-background-150x150.jpg 150w, https:\/\/www.vestral.sk\/zubar\/wp-content\/uploads\/2024\/12\/16_9-aspect-ratio-background-768x768.jpg 768w\" sizes=\"auto, (max-width: 1024px) 100vw, 1024px\" \/><\/figure>\n<\/div>\n<\/div>\n<\/div>\n<\/div><\/div>\n","protected":false},"excerpt":{"rendered":"","protected":false},"author":1,"featured_media":0,"parent":0,"menu_order":0,"comment_status":"closed","ping_status":"closed","template":"","meta":{"footnotes":""},"class_list":["post-71","page","type-page","status-publish","hentry"],"_links":{"self":[{"href":"https:\/\/www.vestral.sk\/zubar\/index.php\/wp-json\/wp\/v2\/pages\/71","targetHints":{"allow":["GET"]}}],"collection":[{"href":"https:\/\/www.vestral.sk\/zubar\/index.php\/wp-json\/wp\/v2\/pages"}],"about":[{"href":"https:\/\/www.vestral.sk\/zubar\/index.php\/wp-json\/wp\/v2\/types\/page"}],"author":[{"embeddable":true,"href":"https:\/\/www.vestral.sk\/zubar\/index.php\/wp-json\/wp\/v2\/users\/1"}],"replies":[{"embeddable":true,"href":"https:\/\/www.vestral.sk\/zubar\/index.php\/wp-json\/wp\/v2\/comments?post=71"}],"version-history":[{"count":2,"href":"https:\/\/www.vestral.sk\/zubar\/index.php\/wp-json\/wp\/v2\/pages\/71\/revisions"}],"predecessor-version":[{"id":76,"href":"https:\/\/www.vestral.sk\/zubar\/index.php\/wp-json\/wp\/v2\/pages\/71\/revisions\/76"}],"wp:attachment":[{"href":"https:\/\/www.vestral.sk\/zubar\/index.php\/wp-json\/wp\/v2\/media?parent=71"}],"curies":[{"name":"wp","href":"https:\/\/api.w.org\/{rel}","templated":true}]}}