{"id":141,"date":"2025-12-30T11:18:23","date_gmt":"2025-12-30T10:18:23","guid":{"rendered":"https:\/\/www.vestral.sk\/radar\/?page_id=141"},"modified":"2025-12-30T11:18:23","modified_gmt":"2025-12-30T10:18:23","slug":"kalkulacka-sporenia-na-ciel","status":"publish","type":"page","link":"https:\/\/www.vestral.sk\/radar\/kalkulacka-sporenia-na-ciel","title":{"rendered":"Kalkula\u010dka sporenia na cie\u013e"},"content":{"rendered":"<div class=\"cielova-kalkulacka\">\n<h2>Kalkula\u010dka sporenia na cie\u013e<\/h2>\n<div class=\"vstupny-blok\">\n<div>\n            <label for=\"cielovaSuma\">Cie\u013eov\u00e1 suma (\u20ac)<\/label><br \/>\n            <input type=\"number\" id=\"cielovaSuma\" value=\"5000\" min=\"100\" step=\"100\">\n        <\/div>\n<div>\n            <label for=\"roky\">Po\u010det rokov<\/label><br \/>\n            <input type=\"number\" id=\"roky\" value=\"3\" min=\"1\" max=\"50\" step=\"1\">\n        <\/div>\n<div>\n            <label for=\"rocnyVynos\">O\u010dak\u00e1van\u00fd ro\u010dn\u00fd v\u00fdnos (%)<\/label><br \/>\n            <input type=\"number\" id=\"rocnyVynos\" value=\"4\" min=\"0\" max=\"30\" step=\"0.1\">\n        <\/div>\n<\/p><\/div>\n<div class=\"graf-container\">\n        <canvas id=\"sporiaciGraf\"><\/canvas>\n    <\/div>\n<div class=\"vysledky-blok\">\n<div>\n            <span>Po\u017eadovan\u00e1 mesa\u010dn\u00e1 \u00faspora:<\/span><br \/>\n            <span id=\"mesacnyVklad\" class=\"hlavny-vysledok\">0,00 \u20ac<\/span>\n        <\/div>\n<div>\n            <span>Cie\u013eov\u00e1 suma (po <span id=\"pocetRokovVysledok\">3<\/span> rokoch):<\/span><br \/>\n            <span id=\"cielovaSumaVysledok\" class=\"celkovy-sucet\">5 000,00 \u20ac<\/span>\n        <\/div>\n<div>\n            <span>Celkov\u00fd vklad (kapit\u00e1l):<\/span><br \/>\n            <span id=\"celkovyVklad\">0,00 \u20ac<\/span>\n        <\/div>\n<div>\n            <span>Z\u00edskan\u00fd \u00farok\/v\u00fdnos:<\/span><br \/>\n            <span id=\"celkovyVynos\">0,00 \u20ac<\/span>\n        <\/div>\n<\/p><\/div>\n<div id=\"hodnotenieText\"><\/div>\n<p>    <button id=\"tlacidloPdf\">Stiahnu\u0165 pl\u00e1n sporenia ako PDF<\/button><\/p>\n<div id=\"pdfFooterText\">\n<p>T\u00e1to kalkula\u010dka poskytuje simul\u00e1ciu. Skuto\u010dn\u00fd v\u00fdnos z\u00e1vis\u00ed od trhov\u00fdch podmienok a m\u00f4\u017ee sa l\u00ed\u0161i\u0165.<\/p>\n<\/p><\/div>\n<\/div>\n","protected":false},"excerpt":{"rendered":"<p>Kalkula\u010dka sporenia na cie\u013e Cie\u013eov\u00e1 suma (\u20ac) Po\u010det rokov O\u010dak\u00e1van\u00fd ro\u010dn\u00fd v\u00fdnos (%) Po\u017eadovan\u00e1 mesa\u010dn\u00e1 \u00faspora: 0,00 \u20ac Cie\u013eov\u00e1 suma (po 3 rokoch): 5 000,00 \u20ac Celkov\u00fd vklad (kapit\u00e1l): 0,00 \u20ac Z\u00edskan\u00fd \u00farok\/v\u00fdnos: 0,00 \u20ac Stiahnu\u0165 pl\u00e1n sporenia ako PDF T\u00e1to kalkula\u010dka poskytuje simul\u00e1ciu. Skuto\u010dn\u00fd v\u00fdnos z\u00e1vis\u00ed od trhov\u00fdch podmienok a m\u00f4\u017ee sa l\u00ed\u0161i\u0165.<\/p>\n","protected":false},"author":1,"featured_media":0,"parent":0,"menu_order":0,"comment_status":"closed","ping_status":"closed","template":"","meta":{"footnotes":""},"class_list":["post-141","page","type-page","status-publish","hentry"],"_links":{"self":[{"href":"https:\/\/www.vestral.sk\/radar\/wp-json\/wp\/v2\/pages\/141","targetHints":{"allow":["GET"]}}],"collection":[{"href":"https:\/\/www.vestral.sk\/radar\/wp-json\/wp\/v2\/pages"}],"about":[{"href":"https:\/\/www.vestral.sk\/radar\/wp-json\/wp\/v2\/types\/page"}],"author":[{"embeddable":true,"href":"https:\/\/www.vestral.sk\/radar\/wp-json\/wp\/v2\/users\/1"}],"replies":[{"embeddable":true,"href":"https:\/\/www.vestral.sk\/radar\/wp-json\/wp\/v2\/comments?post=141"}],"version-history":[{"count":1,"href":"https:\/\/www.vestral.sk\/radar\/wp-json\/wp\/v2\/pages\/141\/revisions"}],"predecessor-version":[{"id":143,"href":"https:\/\/www.vestral.sk\/radar\/wp-json\/wp\/v2\/pages\/141\/revisions\/143"}],"wp:attachment":[{"href":"https:\/\/www.vestral.sk\/radar\/wp-json\/wp\/v2\/media?parent=141"}],"curies":[{"name":"wp","href":"https:\/\/api.w.org\/{rel}","templated":true}]}}