{"id":125,"date":"2025-12-30T10:29:28","date_gmt":"2025-12-30T09:29:28","guid":{"rendered":"https:\/\/www.vestral.sk\/radar\/?page_id=125"},"modified":"2025-12-30T11:11:53","modified_gmt":"2025-12-30T10:11:53","slug":"inflacna-kalkulacka","status":"publish","type":"page","link":"https:\/\/www.vestral.sk\/radar\/inflacna-kalkulacka","title":{"rendered":"Infla\u010dn\u00e1 kalkula\u010dka"},"content":{"rendered":"<div class=\"inflacna-kalkulacka\">\n<h2>Infla\u010dn\u00e1 kalkula\u010dka<\/h2>\n<div class=\"vstupny-blok\">\n<div>\n            <label for=\"pociatocnaSuma\">S\u00fa\u010dasn\u00e1 suma (\u20ac)<\/label><br \/>\n            <input type=\"number\" id=\"pociatocnaSuma\" value=\"10000\" min=\"10\" step=\"100\">\n        <\/div>\n<div>\n            <label for=\"inflacia\">Priemern\u00e1 ro\u010dn\u00e1 infl\u00e1cia (%)<\/label><br \/>\n            <input type=\"number\" id=\"inflacia\" value=\"3\" min=\"0\" max=\"20\" step=\"0.1\">\n        <\/div>\n<div>\n            <label for=\"roky\">Po\u010det rokov<\/label><br \/>\n            <input type=\"number\" id=\"roky\" value=\"10\" min=\"1\" max=\"50\" step=\"1\">\n        <\/div>\n<\/p><\/div>\n<div class=\"graf-container\">\n        <canvas id=\"inflacnyGraf\"><\/canvas>\n    <\/div>\n<div class=\"vysledky-blok\">\n<div>\n            <span>S\u00fa\u010dasn\u00e1 hodnota:<\/span><br \/>\n            <span id=\"pociatocnaSumaVysledok\">10 000.00 \u20ac<\/span>\n        <\/div>\n<div>\n            <span>K\u00fapna sila po <span id=\"pocetRokovVysledok\">10<\/span> rokoch:<\/span><br \/>\n            <span id=\"buducaHodnota\"><\/span>\n        <\/div>\n<div>\n            <span>Rozdiel (strata k\u00fapnej sily):<\/span><br \/>\n            <span id=\"strataHodnoty\"><\/span>\n        <\/div>\n<\/p><\/div>\n<div id=\"hodnotenieText\"><\/div>\n<p>    <button id=\"tlacidloPdf\">Stiahnu\u0165 v\u00fdsledky ako PDF<\/button><\/p>\n<div id=\"pdfFooterText\">\n<p>T\u00e1to infla\u010dn\u00e1 kalkula\u010dka poskytuje iba orienta\u010dn\u00fd v\u00fdpo\u010det. Skuto\u010dn\u00e1 miera infl\u00e1cie a k\u00fapna sila sa m\u00f4\u017eu l\u00ed\u0161i\u0165.<\/p>\n<\/p><\/div>\n<\/div>\n","protected":false},"excerpt":{"rendered":"<p>Infla\u010dn\u00e1 kalkula\u010dka S\u00fa\u010dasn\u00e1 suma (\u20ac) Priemern\u00e1 ro\u010dn\u00e1 infl\u00e1cia (%) Po\u010det rokov S\u00fa\u010dasn\u00e1 hodnota: 10 000.00 \u20ac K\u00fapna sila po 10 rokoch: Rozdiel (strata k\u00fapnej sily): Stiahnu\u0165 v\u00fdsledky ako PDF T\u00e1to infla\u010dn\u00e1 kalkula\u010dka poskytuje iba orienta\u010dn\u00fd v\u00fdpo\u010det. Skuto\u010dn\u00e1 miera infl\u00e1cie a k\u00fapna sila sa m\u00f4\u017eu l\u00ed\u0161i\u0165.<\/p>\n","protected":false},"author":1,"featured_media":0,"parent":0,"menu_order":0,"comment_status":"closed","ping_status":"closed","template":"","meta":{"footnotes":""},"class_list":["post-125","page","type-page","status-publish","hentry"],"_links":{"self":[{"href":"https:\/\/www.vestral.sk\/radar\/wp-json\/wp\/v2\/pages\/125","targetHints":{"allow":["GET"]}}],"collection":[{"href":"https:\/\/www.vestral.sk\/radar\/wp-json\/wp\/v2\/pages"}],"about":[{"href":"https:\/\/www.vestral.sk\/radar\/wp-json\/wp\/v2\/types\/page"}],"author":[{"embeddable":true,"href":"https:\/\/www.vestral.sk\/radar\/wp-json\/wp\/v2\/users\/1"}],"replies":[{"embeddable":true,"href":"https:\/\/www.vestral.sk\/radar\/wp-json\/wp\/v2\/comments?post=125"}],"version-history":[{"count":12,"href":"https:\/\/www.vestral.sk\/radar\/wp-json\/wp\/v2\/pages\/125\/revisions"}],"predecessor-version":[{"id":140,"href":"https:\/\/www.vestral.sk\/radar\/wp-json\/wp\/v2\/pages\/125\/revisions\/140"}],"wp:attachment":[{"href":"https:\/\/www.vestral.sk\/radar\/wp-json\/wp\/v2\/media?parent=125"}],"curies":[{"name":"wp","href":"https:\/\/api.w.org\/{rel}","templated":true}]}}