{"id":14,"date":"2025-09-26T16:27:05","date_gmt":"2025-09-26T16:27:05","guid":{"rendered":"https:\/\/sufficient-smith-q3.zipwp.xyz\/?page_id=14"},"modified":"2025-09-26T16:27:05","modified_gmt":"2025-09-26T16:27:05","slug":"services","status":"publish","type":"page","link":"https:\/\/www.vestral.sk\/projekt\/services\/","title":{"rendered":"Services"},"content":{"rendered":"\n<div class=\"wp-block-uagb-container uagb-block-6e6795cc alignfull uagb-is-root-container\"><div class=\"uagb-container-inner-blocks-wrap\">\n<div class=\"wp-block-uagb-info-box uagb-block-2b3d8aef uagb-infobox__content-wrap  uagb-infobox-icon-above-title uagb-infobox-image-valign-top\"><div class=\"uagb-ifb-content\"><div class=\"uagb-ifb-title-wrap\"><span class=\"uagb-ifb-title-prefix\">Objavte na\u0161e slu\u017eby<\/span><h1 class=\"uagb-ifb-title\">Profesion\u00e1lne kadern\u00edcke slu\u017eby pre v\u00e1s<\/h1><\/div><\/div><\/div>\n<\/div><\/div>\n\n\n\n<div class=\"wp-block-uagb-container uagb-block-c4e157a0 alignfull uagb-is-root-container\"><div class=\"uagb-container-inner-blocks-wrap\">\n<div class=\"wp-block-uagb-container uagb-block-7b2ae4e0 alignfull uagb-is-root-container\"><div class=\"uagb-container-inner-blocks-wrap\">\n<div class=\"wp-block-uagb-container uagb-block-9c729b6d\">\n<div class=\"wp-block-uagb-info-box uagb-block-965a49b3 uagb-infobox__content-wrap  uagb-infobox-icon-above-title uagb-infobox-image-valign-top wp-block-uagb-info-box--has-margin\"><div class=\"uagb-infobox-margin-wrapper\"><div class=\"uagb-ifb-content\"><div class=\"uagb-ifb-title-wrap\"><span class=\"uagb-ifb-title-prefix\">01<\/span><h2 class=\"uagb-ifb-title\">Strihanie vlasov<\/h2><\/div><p class=\"uagb-ifb-desc\">N\u00e1\u0161 t\u00edm sk\u00fasen\u00fdch kadern\u00edkov v\u00e1m s rados\u0165ou pom\u00f4\u017ee n\u00e1js\u0165 perfektn\u00fd strih, ktor\u00fd pod\u010diarkne va\u0161u osobnos\u0165. Pou\u017e\u00edvame kvalitn\u00e9 n\u00e1stroje a techniky, aby sme dosiahli po\u017eadovan\u00fd vzh\u013ead.<\/p><\/div><\/div><\/div>\n<\/div>\n\n\n\n<div class=\"wp-block-uagb-container uagb-block-2b36acf2\">\n<div class=\"wp-block-uagb-image alignleft uagb-block-e782fd24 wp-block-uagb-image--layout-default wp-block-uagb-image--effect-static wp-block-uagb-image--align-left\"><figure class=\"wp-block-uagb-image__figure\"><img decoding=\"async\" srcset=\"https:\/\/www.vestral.sk\/projekt\/wp-content\/uploads\/2025\/09\/zipwp-image-placeholder-landscape.png ,https:\/\/www.vestral.sk\/projekt\/wp-content\/uploads\/2025\/09\/zipwp-image-placeholder-landscape.png 780w, https:\/\/www.vestral.sk\/projekt\/wp-content\/uploads\/2025\/09\/zipwp-image-placeholder-landscape.png 360w\" sizes=\"auto, (max-width: 480px) 150px\" src=\"https:\/\/www.vestral.sk\/projekt\/wp-content\/uploads\/2025\/09\/zipwp-image-placeholder-landscape.png\" alt=\"zipwp-image-placeholder-landscape\" class=\"uag-image-2127\" width=\"550\" height=\"564\" title=\"Services\" loading=\"lazy\" role=\"img\"><\/figure><\/div>\n\n\n\n<div class=\"wp-block-uagb-image aligncenter uagb-block-6e8fa1d9 wp-block-uagb-image--layout-default wp-block-uagb-image--effect-static wp-block-uagb-image--align-center uag-blocks-common-selector\" style=\"--z-index-desktop:1;;--z-index-tablet:undefined;;--z-index-mobile:undefined;\"><figure class=\"wp-block-uagb-image__figure\"><img decoding=\"async\" srcset=\"https:\/\/www.vestral.sk\/projekt\/wp-content\/uploads\/2025\/09\/zipwp-image-placeholder-portrait.png ,https:\/\/www.vestral.sk\/projekt\/wp-content\/uploads\/2025\/09\/zipwp-image-placeholder-portrait.png 780w, https:\/\/www.vestral.sk\/projekt\/wp-content\/uploads\/2025\/09\/zipwp-image-placeholder-portrait.png 360w\" sizes=\"auto, (max-width: 480px) 150px\" src=\"https:\/\/www.vestral.sk\/projekt\/wp-content\/uploads\/2025\/09\/zipwp-image-placeholder-portrait.png\" alt=\"zipwp-image-placeholder-portrait\" class=\"uag-image-2128\" width=\"252\" height=\"252\" title=\"Services\" loading=\"lazy\" role=\"img\"><\/figure><\/div>\n<\/div>\n<\/div><\/div>\n\n\n\n<div class=\"wp-block-uagb-container uagb-block-bc484325\">\n<div class=\"wp-block-uagb-container uagb-block-12ad88c7\">\n<div class=\"wp-block-uagb-info-box uagb-block-770ab822 uagb-infobox__content-wrap  uagb-infobox-icon-above-title uagb-infobox-image-valign-top wp-block-uagb-info-box--has-margin\"><div class=\"uagb-infobox-margin-wrapper\"><div class=\"uagb-ifb-content\"><div class=\"uagb-ifb-title-wrap\"><span class=\"uagb-ifb-title-prefix\">02<\/span><h2 class=\"uagb-ifb-title\">\u00daprava vlasov<\/h2><\/div><p class=\"uagb-ifb-desc\">\u010ci u\u017e pl\u00e1nujete \u0161peci\u00e1lnu udalos\u0165 alebo len ka\u017edodenn\u00fd look, na\u0161e slu\u017eby \u00fapravy vlasov zabezpe\u010dia, \u017ee budete vyzera\u0165 \u0161t\u00fdlovo a profesion\u00e1lne. Sme tu pre v\u00e1s na ka\u017edom kroku.<\/p><\/div><\/div><\/div>\n<\/div>\n\n\n\n<div class=\"wp-block-uagb-container uagb-block-4b07f275\">\n<div class=\"wp-block-uagb-image alignleft uagb-block-4af530da wp-block-uagb-image--layout-default wp-block-uagb-image--effect-static wp-block-uagb-image--align-left\"><figure class=\"wp-block-uagb-image__figure\"><img decoding=\"async\" srcset=\"https:\/\/www.vestral.sk\/projekt\/wp-content\/uploads\/2025\/09\/zipwp-image-placeholder-landscape.png ,https:\/\/www.vestral.sk\/projekt\/wp-content\/uploads\/2025\/09\/zipwp-image-placeholder-landscape.png 780w, https:\/\/www.vestral.sk\/projekt\/wp-content\/uploads\/2025\/09\/zipwp-image-placeholder-landscape.png 360w\" sizes=\"auto, (max-width: 480px) 150px\" src=\"https:\/\/www.vestral.sk\/projekt\/wp-content\/uploads\/2025\/09\/zipwp-image-placeholder-landscape.png\" alt=\"zipwp-image-placeholder-landscape\" class=\"uag-image-2127\" width=\"550\" height=\"564\" title=\"Services\" loading=\"lazy\" role=\"img\"><\/figure><\/div>\n\n\n\n<div class=\"wp-block-uagb-image aligncenter uagb-block-eae71b2d wp-block-uagb-image--layout-default wp-block-uagb-image--effect-static wp-block-uagb-image--align-center uag-blocks-common-selector\" style=\"--z-index-desktop:1;;--z-index-tablet:undefined;;--z-index-mobile:undefined;\"><figure class=\"wp-block-uagb-image__figure\"><img decoding=\"async\" srcset=\"https:\/\/www.vestral.sk\/projekt\/wp-content\/uploads\/2025\/09\/zipwp-image-placeholder-portrait.png ,https:\/\/www.vestral.sk\/projekt\/wp-content\/uploads\/2025\/09\/zipwp-image-placeholder-portrait.png 780w, https:\/\/www.vestral.sk\/projekt\/wp-content\/uploads\/2025\/09\/zipwp-image-placeholder-portrait.png 360w\" sizes=\"auto, (max-width: 480px) 150px\" src=\"https:\/\/www.vestral.sk\/projekt\/wp-content\/uploads\/2025\/09\/zipwp-image-placeholder-portrait.png\" alt=\"zipwp-image-placeholder-portrait\" class=\"uag-image-2128\" width=\"252\" height=\"252\" title=\"Services\" loading=\"lazy\" role=\"img\"><\/figure><\/div>\n<\/div>\n<\/div>\n\n\n\n<div class=\"wp-block-uagb-container uagb-block-6c611b76\">\n<div class=\"wp-block-uagb-container uagb-block-e43c2d95\">\n<div class=\"wp-block-uagb-image alignleft uagb-block-96a3740a wp-block-uagb-image--layout-default wp-block-uagb-image--effect-static wp-block-uagb-image--align-left\"><figure class=\"wp-block-uagb-image__figure\"><img decoding=\"async\" srcset=\"https:\/\/www.vestral.sk\/projekt\/wp-content\/uploads\/2025\/09\/zipwp-image-placeholder-landscape.png ,https:\/\/www.vestral.sk\/projekt\/wp-content\/uploads\/2025\/09\/zipwp-image-placeholder-landscape.png 780w, https:\/\/www.vestral.sk\/projekt\/wp-content\/uploads\/2025\/09\/zipwp-image-placeholder-landscape.png 360w\" sizes=\"auto, (max-width: 480px) 150px\" src=\"https:\/\/www.vestral.sk\/projekt\/wp-content\/uploads\/2025\/09\/zipwp-image-placeholder-landscape.png\" alt=\"zipwp-image-placeholder-landscape\" class=\"uag-image-2127\" width=\"550\" height=\"564\" title=\"Services\" loading=\"lazy\" role=\"img\"><\/figure><\/div>\n\n\n\n<div class=\"wp-block-uagb-image aligncenter uagb-block-8eb3655f wp-block-uagb-image--layout-default wp-block-uagb-image--effect-static wp-block-uagb-image--align-center uag-blocks-common-selector\" style=\"--z-index-desktop:1;;--z-index-tablet:undefined;;--z-index-mobile:undefined;\"><figure class=\"wp-block-uagb-image__figure\"><img decoding=\"async\" srcset=\"https:\/\/www.vestral.sk\/projekt\/wp-content\/uploads\/2025\/09\/zipwp-image-placeholder-portrait.png ,https:\/\/www.vestral.sk\/projekt\/wp-content\/uploads\/2025\/09\/zipwp-image-placeholder-portrait.png 780w, https:\/\/www.vestral.sk\/projekt\/wp-content\/uploads\/2025\/09\/zipwp-image-placeholder-portrait.png 360w\" sizes=\"auto, (max-width: 480px) 150px\" src=\"https:\/\/www.vestral.sk\/projekt\/wp-content\/uploads\/2025\/09\/zipwp-image-placeholder-portrait.png\" alt=\"zipwp-image-placeholder-portrait\" class=\"uag-image-2128\" width=\"252\" height=\"252\" title=\"Services\" loading=\"lazy\" role=\"img\"><\/figure><\/div>\n<\/div>\n\n\n\n<div class=\"wp-block-uagb-container uagb-block-de869aca\">\n<div class=\"wp-block-uagb-info-box uagb-block-173895a0 uagb-infobox__content-wrap  uagb-infobox-icon-above-title uagb-infobox-image-valign-top wp-block-uagb-info-box--has-margin\"><div class=\"uagb-infobox-margin-wrapper\"><div class=\"uagb-ifb-content\"><div class=\"uagb-ifb-title-wrap\"><span class=\"uagb-ifb-title-prefix\">03<\/span><h2 class=\"uagb-ifb-title\">Farbenie vlasov<\/h2><\/div><p class=\"uagb-ifb-desc\">S vyu\u017eit\u00edm kvalitn\u00fdch farieb a individu\u00e1lneho pr\u00edstupu v\u00e1m pom\u00f4\u017eeme dosiahnu\u0165 vysn\u00edvan\u00fd odtie\u0148. Od klasick\u00e9ho farbenia po modern\u00e9 techniky balayage, garantujeme skvel\u00e9 v\u00fdsledky.<\/p><\/div><\/div><\/div>\n<\/div>\n<\/div>\n\n\n\n<div class=\"wp-block-uagb-container uagb-block-65240cb9\">\n<div class=\"wp-block-uagb-container uagb-block-ca86322d\">\n<div class=\"wp-block-uagb-info-box uagb-block-360c83f5 uagb-infobox__content-wrap  uagb-infobox-icon-above-title uagb-infobox-image-valign-top wp-block-uagb-info-box--has-margin\"><div class=\"uagb-infobox-margin-wrapper\"><div class=\"uagb-ifb-content\"><div class=\"uagb-ifb-title-wrap\"><span class=\"uagb-ifb-title-prefix\">04<\/span><h2 class=\"uagb-ifb-title\">Tvarovanie \u00fa\u010desov<\/h2><\/div><p class=\"uagb-ifb-desc\">Pou\u017e\u00edvame \u0161peci\u00e1lne produkty a techniky, ktor\u00e9 udr\u017eia v\u00e1\u0161 \u00fa\u010des pekn\u00fd a svie\u017ei, nech sa vyd\u00e1te kamko\u013evek. Na\u0161e tvarovanie je prisp\u00f4soben\u00e9 va\u0161im vlasom a potreb\u00e1m.<\/p><\/div><\/div><\/div>\n<\/div>\n\n\n\n<div class=\"wp-block-uagb-container uagb-block-a42989c3\">\n<div class=\"wp-block-uagb-image alignleft uagb-block-2a6bfcea wp-block-uagb-image--layout-default wp-block-uagb-image--effect-static wp-block-uagb-image--align-left\"><figure class=\"wp-block-uagb-image__figure\"><img decoding=\"async\" srcset=\"https:\/\/www.vestral.sk\/projekt\/wp-content\/uploads\/2025\/09\/zipwp-image-placeholder-landscape.png ,https:\/\/www.vestral.sk\/projekt\/wp-content\/uploads\/2025\/09\/zipwp-image-placeholder-landscape.png 780w, https:\/\/www.vestral.sk\/projekt\/wp-content\/uploads\/2025\/09\/zipwp-image-placeholder-landscape.png 360w\" sizes=\"auto, (max-width: 480px) 150px\" src=\"https:\/\/www.vestral.sk\/projekt\/wp-content\/uploads\/2025\/09\/zipwp-image-placeholder-landscape.png\" alt=\"zipwp-image-placeholder-landscape\" class=\"uag-image-2127\" width=\"550\" height=\"564\" title=\"Services\" loading=\"lazy\" role=\"img\"><\/figure><\/div>\n\n\n\n<div class=\"wp-block-uagb-image aligncenter uagb-block-70440c99 wp-block-uagb-image--layout-default wp-block-uagb-image--effect-static wp-block-uagb-image--align-center uag-blocks-common-selector\" style=\"--z-index-desktop:1;;--z-index-tablet:undefined;;--z-index-mobile:undefined;\"><figure class=\"wp-block-uagb-image__figure\"><img decoding=\"async\" srcset=\"https:\/\/www.vestral.sk\/projekt\/wp-content\/uploads\/2025\/09\/zipwp-image-placeholder-portrait.png ,https:\/\/www.vestral.sk\/projekt\/wp-content\/uploads\/2025\/09\/zipwp-image-placeholder-portrait.png 780w, https:\/\/www.vestral.sk\/projekt\/wp-content\/uploads\/2025\/09\/zipwp-image-placeholder-portrait.png 360w\" sizes=\"auto, (max-width: 480px) 150px\" src=\"https:\/\/www.vestral.sk\/projekt\/wp-content\/uploads\/2025\/09\/zipwp-image-placeholder-portrait.png\" alt=\"zipwp-image-placeholder-portrait\" class=\"uag-image-2128\" width=\"252\" height=\"252\" title=\"Services\" loading=\"lazy\" role=\"img\"><\/figure><\/div>\n<\/div>\n<\/div>\n<\/div><\/div>\n\n\n\n<div class=\"wp-block-uagb-container uagb-block-01233b1d alignfull uagb-is-root-container\"><div class=\"uagb-container-inner-blocks-wrap\">\n<div class=\"wp-block-uagb-info-box uagb-block-d6296cb9 uagb-infobox__content-wrap  uagb-infobox-icon-above-title uagb-infobox-image-valign-top\"><div class=\"uagb-ifb-content\"><div class=\"uagb-ifb-title-wrap\"><span class=\"uagb-ifb-title-prefix\">Osl\u00e1vte svoju kr\u00e1su<\/span><h2 class=\"uagb-ifb-title\">Prihl\u00e1ste sa na na\u0161u str\u00e1nku a objavte svoj nov\u00fd \u0161t\u00fdl dnes!<\/h2><\/div><\/div><\/div>\n\n\n\n<div class=\"wp-block-uagb-buttons uagb-buttons__outer-wrap uagb-btn__default-btn uagb-btn-tablet__default-btn uagb-btn-mobile__default-btn uagb-block-0e23ee78\"><div class=\"uagb-buttons__wrap uagb-buttons-layout-wrap \">\n<div class=\"wp-block-uagb-buttons-child uagb-buttons__outer-wrap uagb-block-6cb20356 wp-block-button\"><div class=\"uagb-button__wrapper\"><a class=\"uagb-buttons-repeater ast-outline-button\" aria-label=\"\" style=\"border-width:revert-layer\" href=\"\/contact\/\" rel=\"follow noopener\" target=\"_self\"><div class=\"uagb-button__link\">Rezervova\u0165 term\u00edn<\/div><\/a><\/div><\/div>\n<\/div><\/div>\n<\/div><\/div>\n","protected":false},"excerpt":{"rendered":"","protected":false},"author":6,"featured_media":0,"parent":0,"menu_order":0,"comment_status":"closed","ping_status":"closed","template":"","meta":{"_uag_custom_page_level_css":"","site-sidebar-layout":"no-sidebar","site-content-layout":"","ast-site-content-layout":"normal-width-container","site-content-style":"default","site-sidebar-style":"default","ast-global-header-display":"","ast-banner-title-visibility":"","ast-main-header-display":"","ast-hfb-above-header-display":"","ast-hfb-below-header-display":"","ast-hfb-mobile-header-display":"","site-post-title":"disabled","ast-breadcrumbs-content":"","ast-featured-img":"","footer-sml-layout":"","ast-disable-related-posts":"","theme-transparent-header-meta":"enabled","adv-header-id-meta":"","stick-header-meta":"","header-above-stick-meta":"","header-main-stick-meta":"","header-below-stick-meta":"","astra-migrate-meta-layouts":"default","ast-page-background-enabled":"default","ast-page-background-meta":{"desktop":{"background-color":"var(--ast-global-color-4)","background-image":"","background-repeat":"repeat","background-position":"center center","background-size":"auto","background-attachment":"scroll","background-type":"","background-media":"","overlay-type":"","overlay-color":"","overlay-opacity":"","overlay-gradient":""},"tablet":{"background-color":"","background-image":"","background-repeat":"repeat","background-position":"center center","background-size":"auto","background-attachment":"scroll","background-type":"","background-media":"","overlay-type":"","overlay-color":"","overlay-opacity":"","overlay-gradient":""},"mobile":{"background-color":"","background-image":"","background-repeat":"repeat","background-position":"center center","background-size":"auto","background-attachment":"scroll","background-type":"","background-media":"","overlay-type":"","overlay-color":"","overlay-opacity":"","overlay-gradient":""}},"ast-content-background-meta":{"desktop":{"background-color":"var(--ast-global-color-5)","background-image":"","background-repeat":"repeat","background-position":"center center","background-size":"auto","background-attachment":"scroll","background-type":"","background-media":"","overlay-type":"","overlay-color":"","overlay-opacity":"","overlay-gradient":""},"tablet":{"background-color":"var(--ast-global-color-5)","background-image":"","background-repeat":"repeat","background-position":"center center","background-size":"auto","background-attachment":"scroll","background-type":"","background-media":"","overlay-type":"","overlay-color":"","overlay-opacity":"","overlay-gradient":""},"mobile":{"background-color":"var(--ast-global-color-5)","background-image":"","background-repeat":"repeat","background-position":"center center","background-size":"auto","background-attachment":"scroll","background-type":"","background-media":"","overlay-type":"","overlay-color":"","overlay-opacity":"","overlay-gradient":""}},"footnotes":""},"class_list":["post-14","page","type-page","status-publish","hentry"],"uagb_featured_image_src":{"full":false,"thumbnail":false,"medium":false,"medium_large":false,"large":false,"1536x1536":false,"2048x2048":false},"uagb_author_info":{"display_name":"1zhkl3ivkphj","author_link":"https:\/\/www.vestral.sk\/projekt\/author\/1zhkl3ivkphj\/"},"uagb_comment_info":0,"uagb_excerpt":null,"_links":{"self":[{"href":"https:\/\/www.vestral.sk\/projekt\/wp-json\/wp\/v2\/pages\/14","targetHints":{"allow":["GET"]}}],"collection":[{"href":"https:\/\/www.vestral.sk\/projekt\/wp-json\/wp\/v2\/pages"}],"about":[{"href":"https:\/\/www.vestral.sk\/projekt\/wp-json\/wp\/v2\/types\/page"}],"author":[{"embeddable":true,"href":"https:\/\/www.vestral.sk\/projekt\/wp-json\/wp\/v2\/users\/6"}],"replies":[{"embeddable":true,"href":"https:\/\/www.vestral.sk\/projekt\/wp-json\/wp\/v2\/comments?post=14"}],"version-history":[{"count":1,"href":"https:\/\/www.vestral.sk\/projekt\/wp-json\/wp\/v2\/pages\/14\/revisions"}],"predecessor-version":[{"id":2133,"href":"https:\/\/www.vestral.sk\/projekt\/wp-json\/wp\/v2\/pages\/14\/revisions\/2133"}],"wp:attachment":[{"href":"https:\/\/www.vestral.sk\/projekt\/wp-json\/wp\/v2\/media?parent=14"}],"curies":[{"name":"wp","href":"https:\/\/api.w.org\/{rel}","templated":true}]}}