{"id":83,"date":"2024-12-13T19:24:28","date_gmt":"2024-12-13T18:24:28","guid":{"rendered":"https:\/\/www.vestral.sk\/?page_id=83"},"modified":"2026-02-02T09:02:16","modified_gmt":"2026-02-02T08:02:16","slug":"kontakt","status":"publish","type":"page","link":"https:\/\/www.vestral.sk\/index.php\/kontakt\/","title":{"rendered":"O n\u00e1s"},"content":{"rendered":"\n<div class=\"wp-block-group alignfull is-layout-constrained wp-block-group-is-layout-constrained\" style=\"margin-top:0;margin-bottom:0\">\n<div class=\"wp-block-columns alignfull has-background is-layout-flex wp-container-core-columns-is-layout-625b63cf wp-block-columns-is-layout-flex\" style=\"border-top-left-radius:100px;border-top-right-radius:100px;border-bottom-left-radius:100px;border-bottom-right-radius:100px;background:linear-gradient(90deg,rgb(0,125,255) 0%,rgb(255,255,255) 57%)\">\n<div class=\"wp-block-column is-layout-flow wp-block-column-is-layout-flow\" style=\"flex-basis:55%\">\n<div class=\"wp-block-cover has-aspect-ratio tw-block-animation tw-animation-wipe-bottom\" style=\"--tw-animation-delay:0.2s;border-radius:50px;aspect-ratio:1;min-height:unset;\"><img fetchpriority=\"high\" decoding=\"async\" width=\"1024\" height=\"1024\" sizes=\"(max-width: 799px) 125vw, (max-width: 1024px) 100vw, 1024px\" class=\"wp-block-cover__image-background wp-image-9392 size-full\" alt=\"\" src=\"https:\/\/www.vestral.sk\/wp-content\/uploads\/2026\/02\/vycinajuca-budova.png\" data-object-fit=\"cover\" srcset=\"https:\/\/www.vestral.sk\/wp-content\/uploads\/2026\/02\/vycinajuca-budova.png 1024w, https:\/\/www.vestral.sk\/wp-content\/uploads\/2026\/02\/vycinajuca-budova-300x300.png 300w, https:\/\/www.vestral.sk\/wp-content\/uploads\/2026\/02\/vycinajuca-budova-150x150.png 150w, https:\/\/www.vestral.sk\/wp-content\/uploads\/2026\/02\/vycinajuca-budova-768x768.png 768w\" \/><span aria-hidden=\"true\" class=\"wp-block-cover__background has-background-dim-0 has-background-dim\" style=\"background-color:#474142\"><\/span><div class=\"wp-block-cover__inner-container is-layout-flow wp-block-cover-is-layout-flow\">\n<p class=\"has-text-align-center has-large-font-size\"><\/p>\n<\/div><\/div>\n<\/div>\n\n\n\n<div class=\"wp-block-column is-vertically-aligned-center is-layout-flow wp-block-column-is-layout-flow\" style=\"padding-top:var(--wp--preset--spacing--60);padding-right:var(--wp--preset--spacing--60);padding-bottom:var(--wp--preset--spacing--60);padding-left:var(--wp--preset--spacing--60)\">\n<h2 class=\"wp-block-heading has-xx-large-font-size tw-block-animation tw-animation-fade-in-up tw-duration-1\"><strong>Pre\u010do sme tu?<\/strong><\/h2>\n\n\n\n<p>Tento projekt vznikol v roku 2022 s jasnou v\u00edziou: Ukon\u010di\u0165 \u00e9ru priemern\u00fdch, pomal\u00fdch a neaktu\u00e1lnych webov. Videli sme pr\u00edli\u0161 ve\u013ea skvel\u00fdch firiem, ktor\u00e9 v re\u00e1lnom svete pod\u00e1vali \u0161pi\u010dkov\u00e9 v\u00fdkony, ale ich online prezent\u00e1cia ich \u0165ahala ku dnu. Rozhodli sme sa to zmeni\u0165. Ver\u00edme, \u017ee ka\u017ed\u00fd \u00faspe\u0161n\u00fd biznis si zasl\u00fa\u017ei digit\u00e1lny priestor, ktor\u00fd ho bude reprezentova\u0165 na 100 %.<\/p>\n<\/div>\n<\/div>\n<\/div>\n\n\n\n<div class=\"wp-block-group alignfull is-layout-constrained wp-block-group-is-layout-constrained\" style=\"margin-top:0;margin-bottom:0;padding-top:var(--wp--preset--spacing--50);padding-bottom:var(--wp--preset--spacing--50)\">\n<div class=\"wp-block-columns alignwide is-layout-flex wp-container-core-columns-is-layout-19206ade wp-block-columns-is-layout-flex\">\n<div class=\"wp-block-column is-vertically-aligned-center is-layout-flow wp-block-column-is-layout-flow\">\n<h2 class=\"wp-block-heading has-xx-large-font-size tw-block-animation tw-animation-fade-in-up tw-duration-1\"><strong>Na\u0161a filozofia<\/strong><\/h2>\n\n\n\n<p>Web vn\u00edmame ako v\u00e1\u0161 najsilnej\u0161\u00ed predajn\u00fd n\u00e1stroj a vizitku va\u0161ej odbornosti. Na\u0161\u00edm cie\u013eom je, aby v\u00e1\u0161 web nereprezentoval len to, \u010do rob\u00edte, ale najm\u00e4&nbsp;<strong>kvalitu<\/strong>, ktor\u00fa doru\u010dujete.<\/p>\n\n\n\n<ul class=\"wp-block-list\">\n<li><strong>Jednoduchos\u0165:<\/strong>\u00a0Zlo\u017eit\u00e9 technick\u00e9 procesy men\u00edme na syst\u00e9my, ktor\u00e9 ovl\u00e1date \u013eavou zadnou.<\/li>\n<\/ul>\n\n\n\n<ul class=\"wp-block-list\">\n<li><strong>Orient\u00e1cia na v\u00fdsledok:<\/strong>\u00a0Ka\u017ed\u00fd pixel a ka\u017ed\u00fd riadok k\u00f3du m\u00e1 svoj v\u00fdznam \u2013 bu\u010f v\u00e1m zar\u00e1ba peniaze, alebo \u0161etri\u0165 v\u00e1\u0161 drahocenn\u00fd \u010das.<\/li>\n<\/ul>\n\n\n\n<ul class=\"wp-block-list\">\n<li><strong>Transparentnos\u0165:<\/strong>\u00a0\u010co si dohodneme, to plat\u00ed. Bez skryt\u00fdch h\u00e1\u010dikov a zlo\u017eit\u00fdch k\u013eu\u010diek.<\/li>\n<\/ul>\n<\/div>\n\n\n\n<div class=\"wp-block-column is-vertically-aligned-center is-layout-flow wp-block-column-is-layout-flow\">\n<figure style=\"--tw-animation-delay:0.5s;\" class=\"wp-block-image size-full has-custom-border tw-block-animation tw-animation-wipe-right\"><img decoding=\"async\" width=\"1024\" height=\"1024\" src=\"https:\/\/www.vestral.sk\/wp-content\/uploads\/2026\/02\/most-k-lepsiemu-webu.png\" alt=\"\" class=\"wp-image-9393\" style=\"border-radius:50px;aspect-ratio:1;object-fit:cover\" srcset=\"https:\/\/www.vestral.sk\/wp-content\/uploads\/2026\/02\/most-k-lepsiemu-webu.png 1024w, https:\/\/www.vestral.sk\/wp-content\/uploads\/2026\/02\/most-k-lepsiemu-webu-300x300.png 300w, https:\/\/www.vestral.sk\/wp-content\/uploads\/2026\/02\/most-k-lepsiemu-webu-150x150.png 150w, https:\/\/www.vestral.sk\/wp-content\/uploads\/2026\/02\/most-k-lepsiemu-webu-768x768.png 768w\" sizes=\"(max-width: 1024px) 100vw, 1024px\" \/><\/figure>\n<\/div>\n<\/div>\n\n\n\n<div class=\"wp-block-columns alignwide are-vertically-aligned-center is-style-default is-layout-flex wp-container-core-columns-is-layout-19206ade wp-block-columns-is-layout-flex\">\n<div class=\"wp-block-column is-vertically-aligned-center is-layout-flow wp-block-column-is-layout-flow\">\n<figure style=\"--tw-animation-delay:0.5s;\" class=\"wp-block-image size-full has-custom-border tw-block-animation tw-animation-wipe-left\"><img decoding=\"async\" width=\"1024\" height=\"1024\" src=\"https:\/\/www.vestral.sk\/wp-content\/uploads\/2026\/02\/partnerstvo.png\" alt=\"\" class=\"wp-image-9394\" style=\"border-radius:50px;aspect-ratio:1;object-fit:cover\" srcset=\"https:\/\/www.vestral.sk\/wp-content\/uploads\/2026\/02\/partnerstvo.png 1024w, https:\/\/www.vestral.sk\/wp-content\/uploads\/2026\/02\/partnerstvo-300x300.png 300w, https:\/\/www.vestral.sk\/wp-content\/uploads\/2026\/02\/partnerstvo-150x150.png 150w, https:\/\/www.vestral.sk\/wp-content\/uploads\/2026\/02\/partnerstvo-768x768.png 768w\" sizes=\"(max-width: 1024px) 100vw, 1024px\" \/><\/figure>\n<\/div>\n\n\n\n<div class=\"wp-block-column is-vertically-aligned-center is-layout-flow wp-block-column-is-layout-flow\">\n<h2 class=\"wp-block-heading has-xx-large-font-size tw-block-animation tw-animation-fade-in-up tw-duration-1\">N\u00e1\u0161 \u0161tandard<\/h2>\n\n\n\n<p>Nechceme by\u0165 len va\u0161\u00edm dod\u00e1vate\u013eom webu. Chceme by\u0165 va\u0161\u00edm technologick\u00fdm partnerom, na ktor\u00e9ho sa m\u00f4\u017eete spo\u013eahn\u00fa\u0165. Preto sa zameriavame na detaily, ktor\u00e9 si in\u00ed nev\u0161\u00edmaj\u00fa, ale va\u0161i z\u00e1kazn\u00edci ich poc\u00edtia hne\u010f pri prvej n\u00e1v\u0161teve.<\/p>\n<\/div>\n<\/div>\n<\/div>\n\n\n\n<div class=\"wp-block-group alignfull is-layout-constrained wp-block-group-is-layout-constrained\" style=\"margin-top:0;margin-bottom:0\">\n<blockquote class=\"wp-block-quote is-layout-flow wp-block-quote-is-layout-flow tw-block-animation tw-animation-fade-in-up\">\n<p style=\"--tw-animation-delay:0.2s;\" class=\"is-style-default tw-block-animation tw-animation-fade-in tw-duration-1\"><em>Dobr\u00fd web v\u00e1s nestoj\u00ed peniaze. Ten zl\u00fd v\u00e1s o ne pripravuje ka\u017ed\u00fd jeden de\u0148.<\/em><\/p>\n<\/blockquote>\n<\/div>\n\n\n\n<div class=\"wp-block-buttons is-layout-flex wp-block-buttons-is-layout-flex\">\n<div class=\"wp-block-button tw-block-animation tw-animation-fade-in tw-duration-1\"><a class=\"wp-block-button__link has-text-align-center wp-element-button\" href=\"https:\/\/www.vestral.sk\/index.php\/kontakt-2\/\">Kontakt<\/a><\/div>\n<\/div>\n","protected":false},"excerpt":{"rendered":"<p>Pre\u010do sme tu? Tento projekt vznikol v roku 2022 s jasnou v\u00edziou: Ukon\u010di\u0165 \u00e9ru priemern\u00fdch, [&hellip;]<\/p>\n","protected":false},"author":1,"featured_media":0,"parent":0,"menu_order":0,"comment_status":"closed","ping_status":"closed","template":"","meta":{"om_disable_all_campaigns":false,"footnotes":""},"class_list":["post-83","page","type-page","status-publish","hentry"],"yoast_head":"<!-- This site is optimized with the Yoast SEO plugin v27.5 - https:\/\/yoast.com\/product\/yoast-seo-wordpress\/ -->\n<title>O n\u00e1s - Vestral<\/title>\n<meta name=\"robots\" content=\"index, follow, max-snippet:-1, max-image-preview:large, max-video-preview:-1\" \/>\n<link rel=\"canonical\" href=\"https:\/\/www.vestral.sk\/index.php\/kontakt\/\" \/>\n<meta property=\"og:locale\" content=\"sk_SK\" \/>\n<meta property=\"og:type\" content=\"article\" \/>\n<meta property=\"og:title\" content=\"O n\u00e1s - Vestral\" \/>\n<meta property=\"og:description\" content=\"Pre\u010do sme tu? Tento projekt vznikol v roku 2022 s jasnou v\u00edziou: Ukon\u010di\u0165 \u00e9ru priemern\u00fdch, [&hellip;]\" \/>\n<meta property=\"og:url\" content=\"https:\/\/www.vestral.sk\/index.php\/kontakt\/\" \/>\n<meta property=\"og:site_name\" content=\"Vestral\" \/>\n<meta property=\"article:modified_time\" content=\"2026-02-02T08:02:16+00:00\" \/>\n<meta property=\"og:image\" content=\"https:\/\/www.vestral.sk\/wp-content\/uploads\/2026\/02\/vycinajuca-budova.png\" \/>\n\t<meta property=\"og:image:width\" content=\"1024\" \/>\n\t<meta property=\"og:image:height\" content=\"1024\" \/>\n\t<meta property=\"og:image:type\" content=\"image\/png\" \/>\n<meta name=\"twitter:card\" content=\"summary_large_image\" \/>\n<meta name=\"twitter:label1\" content=\"Predpokladan\u00fd \u010das \u010d\u00edtania\" \/>\n\t<meta name=\"twitter:data1\" content=\"1 min\u00fata\" \/>\n<script type=\"application\/ld+json\" class=\"yoast-schema-graph\">{\"@context\":\"https:\\\/\\\/schema.org\",\"@graph\":[{\"@type\":\"WebPage\",\"@id\":\"https:\\\/\\\/www.vestral.sk\\\/index.php\\\/kontakt\\\/\",\"url\":\"https:\\\/\\\/www.vestral.sk\\\/index.php\\\/kontakt\\\/\",\"name\":\"O n\u00e1s - Vestral\",\"isPartOf\":{\"@id\":\"https:\\\/\\\/www.vestral.sk\\\/#website\"},\"primaryImageOfPage\":{\"@id\":\"https:\\\/\\\/www.vestral.sk\\\/index.php\\\/kontakt\\\/#primaryimage\"},\"image\":{\"@id\":\"https:\\\/\\\/www.vestral.sk\\\/index.php\\\/kontakt\\\/#primaryimage\"},\"thumbnailUrl\":\"https:\\\/\\\/www.vestral.sk\\\/wp-content\\\/uploads\\\/2026\\\/02\\\/vycinajuca-budova.png\",\"datePublished\":\"2024-12-13T18:24:28+00:00\",\"dateModified\":\"2026-02-02T08:02:16+00:00\",\"breadcrumb\":{\"@id\":\"https:\\\/\\\/www.vestral.sk\\\/index.php\\\/kontakt\\\/#breadcrumb\"},\"inLanguage\":\"sk-SK\",\"potentialAction\":[{\"@type\":\"ReadAction\",\"target\":[\"https:\\\/\\\/www.vestral.sk\\\/index.php\\\/kontakt\\\/\"]}]},{\"@type\":\"ImageObject\",\"inLanguage\":\"sk-SK\",\"@id\":\"https:\\\/\\\/www.vestral.sk\\\/index.php\\\/kontakt\\\/#primaryimage\",\"url\":\"https:\\\/\\\/www.vestral.sk\\\/wp-content\\\/uploads\\\/2026\\\/02\\\/vycinajuca-budova.png\",\"contentUrl\":\"https:\\\/\\\/www.vestral.sk\\\/wp-content\\\/uploads\\\/2026\\\/02\\\/vycinajuca-budova.png\",\"width\":1024,\"height\":1024},{\"@type\":\"BreadcrumbList\",\"@id\":\"https:\\\/\\\/www.vestral.sk\\\/index.php\\\/kontakt\\\/#breadcrumb\",\"itemListElement\":[{\"@type\":\"ListItem\",\"position\":1,\"name\":\"Domovsk\u00e1 str\u00e1nka\",\"item\":\"https:\\\/\\\/www.vestral.sk\\\/\"},{\"@type\":\"ListItem\",\"position\":2,\"name\":\"O n\u00e1s\"}]},{\"@type\":\"WebSite\",\"@id\":\"https:\\\/\\\/www.vestral.sk\\\/#website\",\"url\":\"https:\\\/\\\/www.vestral.sk\\\/\",\"name\":\"Vestral\",\"description\":\"Inov\u00e1cia v ka\u017edom pixeli\",\"publisher\":{\"@id\":\"https:\\\/\\\/www.vestral.sk\\\/#organization\"},\"potentialAction\":[{\"@type\":\"SearchAction\",\"target\":{\"@type\":\"EntryPoint\",\"urlTemplate\":\"https:\\\/\\\/www.vestral.sk\\\/?s={search_term_string}\"},\"query-input\":{\"@type\":\"PropertyValueSpecification\",\"valueRequired\":true,\"valueName\":\"search_term_string\"}}],\"inLanguage\":\"sk-SK\"},{\"@type\":\"Organization\",\"@id\":\"https:\\\/\\\/www.vestral.sk\\\/#organization\",\"name\":\"Vestral\",\"url\":\"https:\\\/\\\/www.vestral.sk\\\/\",\"logo\":{\"@type\":\"ImageObject\",\"inLanguage\":\"sk-SK\",\"@id\":\"https:\\\/\\\/www.vestral.sk\\\/#\\\/schema\\\/logo\\\/image\\\/\",\"url\":\"https:\\\/\\\/www.vestral.sk\\\/wp-content\\\/uploads\\\/2026\\\/01\\\/VESTRAL-1-3-e1736603458664.webp\",\"contentUrl\":\"https:\\\/\\\/www.vestral.sk\\\/wp-content\\\/uploads\\\/2026\\\/01\\\/VESTRAL-1-3-e1736603458664.webp\",\"width\":111,\"height\":120,\"caption\":\"Vestral\"},\"image\":{\"@id\":\"https:\\\/\\\/www.vestral.sk\\\/#\\\/schema\\\/logo\\\/image\\\/\"}}]}<\/script>\n<!-- \/ Yoast SEO plugin. -->","yoast_head_json":{"title":"O n\u00e1s - Vestral","robots":{"index":"index","follow":"follow","max-snippet":"max-snippet:-1","max-image-preview":"max-image-preview:large","max-video-preview":"max-video-preview:-1"},"canonical":"https:\/\/www.vestral.sk\/index.php\/kontakt\/","og_locale":"sk_SK","og_type":"article","og_title":"O n\u00e1s - Vestral","og_description":"Pre\u010do sme tu? Tento projekt vznikol v roku 2022 s jasnou v\u00edziou: Ukon\u010di\u0165 \u00e9ru priemern\u00fdch, [&hellip;]","og_url":"https:\/\/www.vestral.sk\/index.php\/kontakt\/","og_site_name":"Vestral","article_modified_time":"2026-02-02T08:02:16+00:00","og_image":[{"width":1024,"height":1024,"url":"https:\/\/www.vestral.sk\/wp-content\/uploads\/2026\/02\/vycinajuca-budova.png","type":"image\/png"}],"twitter_card":"summary_large_image","twitter_misc":{"Predpokladan\u00fd \u010das \u010d\u00edtania":"1 min\u00fata"},"schema":{"@context":"https:\/\/schema.org","@graph":[{"@type":"WebPage","@id":"https:\/\/www.vestral.sk\/index.php\/kontakt\/","url":"https:\/\/www.vestral.sk\/index.php\/kontakt\/","name":"O n\u00e1s - Vestral","isPartOf":{"@id":"https:\/\/www.vestral.sk\/#website"},"primaryImageOfPage":{"@id":"https:\/\/www.vestral.sk\/index.php\/kontakt\/#primaryimage"},"image":{"@id":"https:\/\/www.vestral.sk\/index.php\/kontakt\/#primaryimage"},"thumbnailUrl":"https:\/\/www.vestral.sk\/wp-content\/uploads\/2026\/02\/vycinajuca-budova.png","datePublished":"2024-12-13T18:24:28+00:00","dateModified":"2026-02-02T08:02:16+00:00","breadcrumb":{"@id":"https:\/\/www.vestral.sk\/index.php\/kontakt\/#breadcrumb"},"inLanguage":"sk-SK","potentialAction":[{"@type":"ReadAction","target":["https:\/\/www.vestral.sk\/index.php\/kontakt\/"]}]},{"@type":"ImageObject","inLanguage":"sk-SK","@id":"https:\/\/www.vestral.sk\/index.php\/kontakt\/#primaryimage","url":"https:\/\/www.vestral.sk\/wp-content\/uploads\/2026\/02\/vycinajuca-budova.png","contentUrl":"https:\/\/www.vestral.sk\/wp-content\/uploads\/2026\/02\/vycinajuca-budova.png","width":1024,"height":1024},{"@type":"BreadcrumbList","@id":"https:\/\/www.vestral.sk\/index.php\/kontakt\/#breadcrumb","itemListElement":[{"@type":"ListItem","position":1,"name":"Domovsk\u00e1 str\u00e1nka","item":"https:\/\/www.vestral.sk\/"},{"@type":"ListItem","position":2,"name":"O n\u00e1s"}]},{"@type":"WebSite","@id":"https:\/\/www.vestral.sk\/#website","url":"https:\/\/www.vestral.sk\/","name":"Vestral","description":"Inov\u00e1cia v ka\u017edom pixeli","publisher":{"@id":"https:\/\/www.vestral.sk\/#organization"},"potentialAction":[{"@type":"SearchAction","target":{"@type":"EntryPoint","urlTemplate":"https:\/\/www.vestral.sk\/?s={search_term_string}"},"query-input":{"@type":"PropertyValueSpecification","valueRequired":true,"valueName":"search_term_string"}}],"inLanguage":"sk-SK"},{"@type":"Organization","@id":"https:\/\/www.vestral.sk\/#organization","name":"Vestral","url":"https:\/\/www.vestral.sk\/","logo":{"@type":"ImageObject","inLanguage":"sk-SK","@id":"https:\/\/www.vestral.sk\/#\/schema\/logo\/image\/","url":"https:\/\/www.vestral.sk\/wp-content\/uploads\/2026\/01\/VESTRAL-1-3-e1736603458664.webp","contentUrl":"https:\/\/www.vestral.sk\/wp-content\/uploads\/2026\/01\/VESTRAL-1-3-e1736603458664.webp","width":111,"height":120,"caption":"Vestral"},"image":{"@id":"https:\/\/www.vestral.sk\/#\/schema\/logo\/image\/"}}]}},"_links":{"self":[{"href":"https:\/\/www.vestral.sk\/index.php\/wp-json\/wp\/v2\/pages\/83","targetHints":{"allow":["GET"]}}],"collection":[{"href":"https:\/\/www.vestral.sk\/index.php\/wp-json\/wp\/v2\/pages"}],"about":[{"href":"https:\/\/www.vestral.sk\/index.php\/wp-json\/wp\/v2\/types\/page"}],"author":[{"embeddable":true,"href":"https:\/\/www.vestral.sk\/index.php\/wp-json\/wp\/v2\/users\/1"}],"replies":[{"embeddable":true,"href":"https:\/\/www.vestral.sk\/index.php\/wp-json\/wp\/v2\/comments?post=83"}],"version-history":[{"count":0,"href":"https:\/\/www.vestral.sk\/index.php\/wp-json\/wp\/v2\/pages\/83\/revisions"}],"wp:attachment":[{"href":"https:\/\/www.vestral.sk\/index.php\/wp-json\/wp\/v2\/media?parent=83"}],"curies":[{"name":"wp","href":"https:\/\/api.w.org\/{rel}","templated":true}]}}